e 16) to base 10.
-2070
Convert 101110100000 (base 2) to base 11.
2266
What is -112110202 (base 3) in base 9?
-15422
2520 (base 7) to base 8
1661
What is 21110 (base 3) in base 15?
d6
727 (base 10) to base 8
1327
-211 (base 11) to base 13
-167
What is -140720 (base 8) in base 7?
-264440
Convert -133140 (base 5) to base 12.
-3178
What is -1bc3 (base 15) in base 12?
-35a9
Convert 31140 (base 5) to base 9.
2722
112220 (base 6) to base 14
36cc
What is 19 (base 10) in base 2?
10011
What is 30121 (base 5) in base 10?
1911
Convert 111133 (base 4) to base 3.
1212221
What is 455 (base 8) in base 14?
177
What is 112110 (base 3) in base 16?
186
-1173 (base 10) to base 11
-977
What is -3235 (base 8) in base 11?
-12aa
-666 (base 9) to base 4
-20202
What is -c1b7 (base 14) in base 13?
-121c5
-410450 (base 6) to base 3
-1122200110
What is e2 (base 15) in base 2?
11010100
-1232200 (base 4) to base 5
-211242
What is 393 (base 10) in base 9?
476
309 (base 12) to base 3
121100
What is 143b (base 14) in base 9?
4818
Convert 633 (base 8) to base 15.
1c6
What is 199 (base 10) in base 4?
3013
40a (base 13) to base 2
1010101110
Convert -6aa (base 14) to base 13.
-7b0
What is 205b (base 16) in base 2?
10000001011011
-3053 (base 11) to base 5
-112201
Convert -32732 (base 8) to base 14.
-504a
Convert -1131 (base 9) to base 14.
-43c
What is cd7 (base 16) in base 11?
2519
Convert 469 (base 16) to base 15.
504
-3200 (base 13) to base 3
-100111122
What is 1297 (base 15) in base 16?
f7f
Convert -941 (base 10) to base 2.
-1110101101
2494 (base 10) to base 2
100110111110
997 (base 11) to base 8
2253
Convert 417 (base 15) to base 4.
32122
-8735 (base 10) to base 13
-3c8c
Convert -12071 (base 8) to base 16.
-1439
What is 100211 (base 5) in base 12?
1a11
723 (base 11) to base 3
1012022
Convert 17336 (base 8) to base 14.
2c46
What is a0e7 (base 15) in base 11?
2357a
Convert 12066 (base 9) to base 11.
6085
What is 20a44 (base 11) in base 4?
13131030
What is 101121112 (base 3) in base 14?
2b68
Convert 27b6 (base 12) to base 11.
3504
111001101010001 (base 2) to base 8
71521
Convert 466 (base 9) to base 16.
180
What is -4a3 (base 13) in base 7?
-2234
What is -2120 (base 3) in base 16?
-45
Convert d69c (base 15) to base 16.
b13c
Convert 38 (base 15) to base 3.
1222
-798 (base 13) to base 15
-5c3
Convert 11103131 (base 4) to base 15.
6685
17 (base 14) to base 3
210
What is 213332 (base 4) in base 2?
100111111110
Convert -24a3 (base 16) to base 8.
-22243
424204 (base 5) to base 14
52da
What is -8058 (base 14) in base 8?
-53016
What is -1100001111 (base 2) in base 11?
-652
Convert -121222000 (base 3) to base 14.
-4714
-21122000 (base 3) to base 6
-41430
-131301 (base 6) to base 10
-11989
Convert 5943 (base 13) to base 5.
400221
What is -110011110010 (base 2) in base 15?
-eae
Convert -21002 (base 4) to base 15.
-288
What is -4c16 (base 16) in base 5?
-1110403
What is -450233 (base 6) in base 7?
-214563
12312 (base 7) to base 9
4403
Convert 17d (base 16) to base 7.
1053
10010103 (base 4) to base 12
9783
What is 12233311 (base 4) in base 6?
331541
Convert 7604 (base 8) to base 15.
129c
17a3 (base 13) to base 2
110110111001
What is -27f (base 16) in base 12?
-453
What is -524 (base 8) in base 9?
-417
What is 1114434 (base 5) in base 8?
47032
1020110 (base 3) to base 6
4103
61052 (base 8) to base 11
17976
-64720 (base 8) to base 4
-12213100
What is 3531 (base 8) in base 11?
1460
-24b (base 16) to base 8
-1113
-253a1 (base 11) to base 13
-1375b
Convert 10112102 (base 3) to base 16.
a10
Convert 615 (base 9) to base 13.
2c6
What is -4963 (base 12) in base 11?
-6250
Convert 1a32a (base 13) to base 8.
143602
ea (base 16) to base 11
1a3
-1301322 (base 4) to base 3
-101000000
What is 4aa2 (base 13) in base 6?
121042
-36 (base 9) to base 2
-100001
What is -410 (base 7) in base 12?
-14b
What is -33231 (base 7) in base 10?
-8352
What is -211d (base 16) in base 10?
-8477
-40503 (base 6) to base 5
-132432
1011000101110 (base 2) to base 11
42a2
What is 156110 (base 7) in base 15?
926b
3253 (base 8) to base 14
89d
-2436 (base 15) to base 16
-1e15
What is 3301330 (base 4) in base 14?
5900
What is 6a21 (base 11) in base 10?
9219
-2408 (base 12) to base 8
-7710
-13354 (base 8) to base 3
-22001100
What is -7c2 (base 13) in base 3?
-1211200
Convert -15067 (base 8) to base 7.
-25365
-1312223 (base 4) to base 6
-55055
Convert 10001000110100 (base 2) to base 3.
110000022
-1222303 (base 4) to base 6
-51351
-6304 (base 10) to base 9
-8574
Convert 16363 (base 16) to base 6.
1541111
What is -101001110101000 (base 2) in base 16?
-53a8
What is 13625 (base 9) in base 6?
110505
What is -1347 (base 13) in base 4?
-223023
1357 (base 14) to base 9
4607
What is 1132333 (base 4) in base 13?
29c8
Convert 201120 (base 3) to base 9.
646
Convert 111111101101 (base 2) to base 6.
30513
What is -11105 (base 6) in base 5?
-22203
14442 (base 5) to base 7
3431
-3a8 (base 15) to base 14
-437
What is 1b9 (base 15) in base 11?
333
What is -1317 (base 13) in base 9?
-3656
11233313 (base 4) to base 11
16763
-141 (base 16) to base 8
-501
What is -14543 (base 6) in base 11?
-1862
What is -68dc (base 15) in base 5?
-1203012
5398 (base 10) to base 15
18ed
8a7 (base 13) to base 7
4225
Convert -11220 (base 4) to base 7.
-1023
10101 (base 4) to base 12
1a9
What is -3e4c (base 15) in base 7?
-53625
22453 (base 7) to base 8
13132
What is 3c09 (base 13) in base 5?
234003
Convert -339 (base 16) to base 4.
-30321
What is -1159 (base 14) in base 12?
-18b7
What is 23613 (base 9) in base 13?
726c
What is 5541 (base 11) in base 16?
1c89
77d4 (base 15) to base 5
1303044
What is -233024 (base 8) in base 16?
-13614
Convert 11101001000100 (base 2) to base 7.
61326
Convert -189 (base 14) to base 8.
-475
Convert -11100102 (base 3) to base 12.
-1a02
-3857 (base 9) to base 14
-10a3
Convert -3203000 (base 4) to base 16.
-38c0
24611 (base 8) to base 16
2989
1144 (base 5) to base 10
174
Convert 20715 (base 9) to base 15.
40d8
231 (base 4) to base 2
101101
-2836 (base 12) to base 4
-1020222
7247 (base 12) to base 10
12439
Convert 23250 (base 6) to base 10.
3342
Convert 13200 (base 4) to base 7.
1254
Convert -2446 (base 11) to base 12.
-1a24
Convert 1121 (base 8) to base 11.
49a
What is -35937 (base 10) in base 2?
-1000110001100001
What is 7547 (base 8) in base 2?
111101100111
30313 (base 4) to base 7
2254
What is -10112120112 (base 3) in base 10?
-69674
Convert 2212012 (base 3) to base 9.
2765
10a1 (base 12) to base 4
130321
-5929 (base 13) to base 15
-3ab1
What is 38 (base 14) in base 7?
101
Convert -120010 (base 3) to base 4.
-12120
What is -11011 (base 3) in base 9?
-134
-16775 (base 11) to base 10
-23556
Convert -7301 (base 9) to base 12.
-3117
2437 (base 8) to base 12
913
-504 (base 10) to base 14
-280
What is -19121 (base 11) in base 15?
-7de4
Convert -17046 (base 9) to base 2.
-10110110111010
eb (base 15) to base 10
221
Convert -1533 (base 6) to base 11.
-34a
What is 112021121 (base 3) in base 12?
6037
What is 10213 (base 4) in base 7?
601
What is 368 (base 13) in base 4?
21101
What is -333 (base 10) in base 9?
-410
Convert 13022 (base 4) to base 2.
111001010
Convert 11011011101111 (base 2) to base 12.
817b
10102220 (base 3) to base 2
100111001100
What is -324421 (base 5) in base 2?
-10101111100100
-113101 (base 4) to base 6
-10521
Convert 10002 (base 6) to base 10.
1298
Convert 343 (base 8) to base 7.
443
32b3 (base 13) to base 8
15643
4ffc (base 16) to base 7
113461
-344334 (base 6) to base 15
-8b21
c8 (base 14) to base 6
452
Convert -11684 (base 14) to base 9.
-64208
What is -330130 (base 7) in base 8?
-160536
What is 26a8 (base 12) in base 9?
6082
Convert 100001111010 (base 2) to base 8.
4172
What is 2110 (base 5) in base 8?
430
-3107 (base 9) to base 3
-10010021
23040 (base 11) to base 4
20020213
964a (base 13) to base 16
5171
5545 (base 12) to base 8
22305
What is 3a0 (base 15) in base 9?
1116
What is -1516 (base 10) in base 12?
-a64
5dde (base 15) to base 16
4e29
What is 565 (base 9) in base 11?
392
Convert -6c (base 15) to base 10.
-102
Convert 20001 (base 3) to base 10.
163
Convert 357 (base 10) to base 4.
11211
Convert 1444 (base 5) to base 4.
3321
-2ca0 (base 15) to base 8
-22600
Convert 3312221 (base 4) to base 8.
36651
254c (base 14) to base 11
